r when i(1) is divided by g?
23
Suppose 9*p + p - 20 = 0. Suppose -p*r + 381 = 131. Calculate the remainder when r is divided by 14.
13
Suppose -13*g + 825 = -7. Let h = -177 - -190. Calculate the remainder when g is divided by h.
12
Let k be (-17)/(51/936)*-1. Let q = k + -223. What is the remainder when q is divided by 29?
2
Let r(t) = t**2 - 12*t. Let o be r(12). Suppose 2*l + 107 = -c, o*l + 5*c - 193 = 3*l. What is the remainder when 97 is divided by (l/40)/((-2)/20)?
13
Let v = 687 + -667. Calculate the remainder when 202 is divided by v.
2
Suppose -2*k - 134 = -282. Suppose -70*z + k*z - 108 = 0. Calculate the remainder when 68 is divided by z.
14
Let u(h) = -h**3 + 15*h**2 + 36*h - 36. Let y be u(17). What is the remainder when (16 - 0)*2/2 is divided by (-1)/y + 44/8?
4
Suppose 6*r - z - 214 = 0, -72 = z - 62. Suppose 0 = a + 3*t - 18, 72 = 4*a - 8*t + 3*t. Calculate the remainder when r is divided by a.
16
Suppose 18 = 7*g - 17. Suppose -14 = 4*k - g*z + 59, -2*k - 2*z - 50 = 0. Let n = -2 - k. Calculate the remainder when 78 is divided by n.
18
Let g be (32 - 2)*78/15. Let a be g/16*264/9. Suppose -a = -5*j - 106. What is the remainder when 106 is divided by j?
34
Let w = -475 - -544. Suppose 5*v = -w + 264. Calculate the remainder when 76 is divided by v.
37
Let g = -863 + 898. Let d(p) = 24*p**2 + 3*p - 2. Let q = -18 - -20. Calculate the remainder when d(q) is divided by g.
30
Let p be (-5)/(-5 - -4)*309. Let x(y) = y**2 - 9*y + 11. Calculate the remainder when (-9)/(-36) - 2/((-24)/p) is divided by x(11).
30
Suppose -r = -5*h + 941, 0 = -0*h + 2*h - 2*r - 370. Let a = h + -165. What is the remainder when a is divided by 18?
6
What is the remainder when 278 is divided by (-1778)/(-49) - (-2)/(-7)?
26
Let a(x) = -4*x - 8. Calculate the remainder when (-588)/14*(-66)/12 is divided by a(-17).
51
Let g be (0 + 17)/(4 + (-39)/9). Let i = g + 55. Suppose 0*p = 2*f + p - 57, f + i*p = 32. Calculate the remainder when 46 is divided by f.
18
Calculate the remainder when 12737 is divided by (-240)/(-16) + 41 + -2 + -2.
49
Suppose 0 = y - 1 - 0, 0 = -5*q + 3*y + 42. Suppose 2*n + 6*h - q = 3*h, 0 = 4*n + h + 7. Let u = 16 + n. What is the remainder when 36 is divided by u?
10
Calculate the remainder when ((-4)/4 - 5) + (-5 - -884) is divided by 146.
143
Suppose -z = 4*l + 1, l - 3*z = -4*z - 1. Suppose 31*b - 26*b + 5 = l. Calculate the remainder when 32 is divided by ((-1)/b)/(6/36).
2
Suppose 2*z + 66 = 5*i - 115, -4*i + 2*z = -146. Let a = 2646 + -2586. Calculate the remainder when a is divided by i.
25
Let d(a) = -4*a + 133. Let l be d(36). Calculate the remainder when 52 is divided by (l/(-2))/(1/6*3).
8
Suppose 60*d - 725 = 475. Let m(w) = w**3 + 2*w**2 + 5*w + 2. Calculate the remainder when m(4) is divided by d.
18
Suppose 49*p - 16080 = -74*p + 43*p. What is the remainder when p is divided by 15?
6
Suppose 68*h = 3740 + 6936. Suppose v = 3*v - 80. What is the remainder when h is divided by v?
37
Let n = 93 + -88. Let t(i) = -12*i + 18. Let u be t(n). Let d = u - -85. Calculate the remainder when 122 is divided by d.
36
Let d(g) = 3*g**3 + g**2 + 15*g + 66. Let b be d(-6). Let a = 737 + b. Let r = -11 - -28. Calculate the remainder when a is divided by r.
16
Let o = 61 - 40. Suppose -3*h - 264 + 60 = 0. Let x = h + 127. Calculate the remainder when x is divided by o.
17
Suppose 96 + 44 = 4*n. Let f = 295 + -292. Suppose 2*q + 32 = 2*l, -22*q = f*l - 24*q - 51. What is the remainder when n is divided by l?
16
Let d(h) = -h**3 + 4*h**2 + 8*h - 6. Let p be d(5). Suppose p*s - 87 + 15 = 0. Calculate the remainder when 55 is divided by s.
7
Let q(p) = 116*p**3 - 3*p**2 + 6*p - 11. Calculate the remainder when q(2) is divided by 132.
125
Suppose -2*x + 8 = -12. Let k be 2/(-10) - 9/(-45)*21. Suppose -k*p + 1 + 75 = 0. Calculate the remainder when p is divided by x.
9
Suppose -b + 58 = -4*o, -40 = -b - 2*o - 3*o. Suppose -17*j + 4 = -15*j. What is the remainder when b is divided by (3 - j - 0)*13?
11
Suppose 10*s = -6*s - 720. Calculate the remainder when (-1110)/(-4) + s/30 is divided by 19.
10
Suppose -2*t - b = 347, -t = -4*b + 7*b + 181. Let m = 45 - t. What is the remainder when m is divided by 44?
41
Suppose 0*l + 16 = l. Suppose 223 = -b - 4*u + 301, 3*u - 225 = -3*b. What is the remainder when b is divided by l?
10
Suppose 2*p + 8*p = 30. Suppose -p*o + 36 = u, -3*u - 6*o + 112 = -o. What is the remainder when u is divided by (-3 + -1)/((-3)/9)?
3
Suppose 2*b - 42 = 5*h - 10, 5*b = -5*h + 150. Suppose 22*v + 3874 = 5546. What is the remainder when v is divided by b?
24
Suppose -3*b - 2*b = -3*d - 689, -2*b - 2*d = -266. Calculate the remainder when 34/b - (-163)/4 is divided by 11.
8
Let w be (1/(2/4))/1 + -163. Let j = w + 162. What is the remainder when 4 is divided by j?
0
Let k be 213/2 + 15/30. Let s = k - 79. Let j = 5 - -3. What is the remainder when s is divided by j?
4
Calculate the remainder when ((-41)/(-82))/((-2)/(-1172)) is divided by 96.
5
Suppose -107*k + 115*k = 16. What is the remainder when (4 - 1)*184/6 is divided by (66/198)/((-2)/(-228)*k)?
16
Let d be (-44)/11*(124/(-8) + -2). Suppose -4*x - 194 = -k - 2*k, k + 4*x - d = 0. Calculate the remainder when 183 is divided by k.
51
Suppose 77*u - 48 = 75*u. What is the remainder when 309 is divided by (248/u)/(2/12)?
61
Let m(z) = -3*z**2 + 31*z - 52. Let q be m(20). What is the remainder when 38 is divided by q/(-32) + (-2)/(-8)?
18
Suppose 8 = 60*j - 58*j. Suppose 0 = 2*r + 2*o - 16, -3*r + 2*o = -2*r + 7. What is the remainder when 20 is divided by (j - r) + 3 - -2?
2
Let i(z) = z**2 - 5*z + 10. Let b be i(-12). Let t = 228 - b. Calculate the remainder when 67 is divided by t.
11
Let t(y) = y**2 + 11*y + 1. Let g be t(-10). Let d = g - -18. Suppose -5*i + 15 = 0, 2*v + 9*i - 60 = 5*i. What is the remainder when v is divided by d?
6
What is the remainder when (-12535)/(-7) - 288/168 is divided by 580?
49
Let q = 4137 - 1675. Calculate the remainder when q is divided by 16.
14
Let k = -7433 + 8123. Calculate the remainder when k is divided by 648.
42
Let k = 1180 + -144. Calculate the remainder when k is divided by 65.
61
Suppose 765*i + 3806 = 5*f + 764*i, -f + i = -762. What is the remainder when f is divided by 53?
19
Suppose 5*t - 599 = -4*g, -238 = -6*t + 4*t - 2*g. Let o = -58 + t. Calculate the remainder when o is divided by 14.
9
Let j be (209/57)/(0 + 2/12). Suppose j*v = 675 - 147. Calculate the remainder when 67 is divided by v.
19
Let t = 4081 + -4067. What is the remainder when 4631 is divided by t?
11
Let a = -91 - -110. Suppose -4*h + 4*w - 9 = -121, -5*h + 4*w + 143 = 0. What is the remainder when h is divided by a?
12
Suppose 3*i = -0*i + 15, 0 = -4*y + 5*i + 23. Let k = 14 - y. Suppose -94 = -k*q + 2*r, 5*q + 58 = 3*r + 301. What is the remainder when q is divided by 26?
25
Let l(x) = 44*x - 2252. Calculate the remainder when l(58) is divided by 13.
1
Let h = -4 + 0. What is the remainder when -2 - (-4352)/24 - h/6 is divided by 26?
24
Suppose 0 = 4*m - 2*c - 1012, -533 = -2*m + 3*c - 27. Suppose -600 = -27*h + 22*h. Suppose -24*p + 32*p = h. What is the remainder when m is divided by p?
13
Let i = 1386 - 1356. Calculate the remainder when 352 is divided by i.
22
Suppose 5*j - 17 = -3*v - v, 2*j = 4*v - 10. Let b be ((-1)/j)/(8/(-32)). What is the remainder when b - 10 - -2 - -131 is divided by 26?
23
Suppose -4*k = 2*k - 72. Suppose 7*j - 211 = 4*j + b, 0 = -2*j - 5*b + 152. Calculate the remainder when j is divided by k.
11
Suppose -72*i = -16*i + 56*i - 64288. Calculate the remainder when i is divided by 55.
24
Suppose -k = 3*k - 24. What is the remainder when (-24)/((-323)/51 - -5) is divided by k?
0
Let k(p) = 31*p - 972. Suppose 620 = 5*g - 265. Calculate the remainder when g is divided by k(32).
17
Suppose 3*g - 135 = -j + 580, 4*j = 4*g - 932. Suppose -3*b = y - 103, -g + 43 = -2*y - 2*b. Calculate the remainder when y is divided by 19.
18
Let d = 6049 + -5894. What is the remainder when d is divided by 38?
3
Suppose 0 = 108*s + 46 - 1634 - 6728. Calculate the remainder when 754 is divided by s.
61
What is the remainder when 989 is divided by -4*(-55)/40*(5 + -3 + 0)?
10
Suppose -5*n + 2*n + 963 = -5*v, 3*v + 2*n + 574 = 0. Let b = v